{"id":11,"date":"2024-09-19T14:34:10","date_gmt":"2024-09-19T12:34:10","guid":{"rendered":"http:\/\/blog.gutheiligenfelde.de\/?page_id=11"},"modified":"2024-10-22T10:26:35","modified_gmt":"2024-10-22T08:26:35","slug":"living-voices","status":"publish","type":"page","link":"https:\/\/www.gutheiligenfelde.de\/wordpress\/living-voices\/","title":{"rendered":"Living Voices"},"content":{"rendered":"\n<figure class=\"wp-block-gallery has-nested-images columns-default is-cropped wp-block-gallery-1 is-layout-flex wp-block-gallery-is-layout-flex\">\n<figure class=\"wp-block-image size-full\"><img loading=\"lazy\" decoding=\"async\" width=\"721\" height=\"540\" data-id=\"12\" src=\"https:\/\/www.gutheiligenfelde.de\/wordpress\/wp-content\/uploads\/2024\/09\/9495.jpg\" alt=\"\" class=\"wp-image-12\" srcset=\"https:\/\/www.gutheiligenfelde.de\/wordpress\/wp-content\/uploads\/2024\/09\/9495.jpg 721w, https:\/\/www.gutheiligenfelde.de\/wordpress\/wp-content\/uploads\/2024\/09\/9495-300x225.jpg 300w\" sizes=\"auto, (max-width: 721px) 100vw, 721px\" \/><\/figure>\n<\/figure>\n\n\n\n<p>Die \u00a0\u00a0Living \u00a0\u00a0Voices \u00a0\u00a0wurden \u00a0\u00a0in \u00a0\u00a01998 \u00a0\u00a0als \u00a0\u00a0zweiter \u00a0\u00a0Chor \u00a0\u00a0des \u00a0\u00a0Gesang- und\u00a0Theatervereins Heiligenfelde \u00a0e.V. \u00a0gegr\u00fcndet \u00a0und \u00a0waren \u00a0anfangs \u00a0als Nachwuchs \u00a0f\u00fcr\u00a0den \u00a0Gemischten \u00a0Chor, der \u00a0bereits \u00a0seit \u00a01964 \u00a0existierte, vorgesehen. \u00a0Zwischenzeitlich\u00a0musste \u00a0sich \u00a0der \u00a0Gemischte Chor altersbedingt \u00a0jedoch \u00a0aufl\u00f6sen \u00a0und \u00a0die \u00a0Living \u00a0Voices\u00a0f\u00fchren \u00a0die \u00a0150-j\u00e4hrige \u00a0Tradition des Chorgesanges fort. Heute \u00a0wirken \u00a0auch \u00a0durch \u00a0das<br>Engagement \u00a0unseres \u00a0Chorleiters \u00a0Jin \u00a0Huang, \u00a0der \u00a0den \u00a0Chor seit 2021 leitet, bereits mehr als 60 S\u00e4ngerinnen und S\u00e4nger mit. <\/p>\n\n\n\n<p>Unser \u00a0Repertoire \u00a0ist \u00a0sehr vielf\u00e4ltig \u00a0und\u00a0abwechslungsreich \u00a0und \u00a0reicht \u00a0von internationalen Volksliedern \u00a0und \u00a0Weihnachtsliedern,\u00a0Gospelsongs \u00a0und modernen \u00a0Hits \u00a0bis \u00a0hin \u00a0zu \u00a0Klassikern der Popmusik. Neue Songs kommen jedes Jahr hinzu. <\/p>\n\n\n\n<p>Wir \u00a0freuen \u00a0uns \u00a0\u00fcber \u00a0jedes \u00a0neue \u00a0Chormitglied.\u00a0Notenkenntnisse \u00a0werden nicht \u00a0erwartet. \u00a0Der Spa\u00df \u00a0am \u00a0gemeinsamen \u00a0Singen \u00a0und \u00a0die\u00a0Freude \u00a0an \u00a0der Musik \u00a0stehen \u00a0im \u00a0Vordergrund. \u00a0Wer hier \u00a0&#8222;reinschnuppern&#8220; \u00a0m\u00f6chte, \u00a0ist<br>von \u00a0uns \u00a0allen \u00a0herzlich \u00a0willkommen \u00a0und \u00a0eingeladen \u00a0mit \u00a0uns zu singen. Musik befl\u00fcgelt die Seele, Singen macht Spa\u00df und f\u00f6rdert die Gemeinschaft. <\/p>\n\n\n\n<p><strong>Wir\u00a0proben derzeit \u00a0Montags\u00a0von 19:45 \u00a0&#8211; \u00a021:45\u00a0im Dorfgemeinschaftshaus Heiligenfelde, Clueser Stra\u00dfe 40, 28857 Syke.<\/strong><\/p>\n","protected":false},"excerpt":{"rendered":"<p>Die \u00a0\u00a0Living \u00a0\u00a0Voices \u00a0\u00a0wurden \u00a0\u00a0in \u00a0\u00a01998 \u00a0\u00a0als \u00a0\u00a0zweiter \u00a0\u00a0Chor \u00a0\u00a0des \u00a0\u00a0Gesang- und\u00a0Theatervereins Heiligenfelde \u00a0e.V. \u00a0gegr\u00fcndet \u00a0und \u00a0waren \u00a0anfangs \u00a0als Nachwuchs \u00a0f\u00fcr\u00a0den \u00a0Gemischten \u00a0Chor, der \u00a0bereits \u00a0seit \u00a01964 \u00a0existierte, vorgesehen. \u00a0Zwischenzeitlich\u00a0musste \u00a0sich \u00a0der \u00a0Gemischte Chor altersbedingt \u00a0jedoch \u00a0aufl\u00f6sen \u00a0und \u00a0die \u00a0Living \u00a0Voices\u00a0f\u00fchren \u00a0die \u00a0150-j\u00e4hrige \u00a0Tradition des Chorgesanges fort. Heute \u00a0wirken \u00a0auch \u00a0durch \u00a0dasEngagement \u00a0unseres \u00a0Chorleiters \u00a0Jin [&hellip;]<\/p>\n","protected":false},"author":1,"featured_media":0,"parent":0,"menu_order":0,"comment_status":"closed","ping_status":"closed","template":"","meta":{"footnotes":""},"class_list":["post-11","page","type-page","status-publish","hentry"],"_links":{"self":[{"href":"https:\/\/www.gutheiligenfelde.de\/wordpress\/wp-json\/wp\/v2\/pages\/11","targetHints":{"allow":["GET"]}}],"collection":[{"href":"https:\/\/www.gutheiligenfelde.de\/wordpress\/wp-json\/wp\/v2\/pages"}],"about":[{"href":"https:\/\/www.gutheiligenfelde.de\/wordpress\/wp-json\/wp\/v2\/types\/page"}],"author":[{"embeddable":true,"href":"https:\/\/www.gutheiligenfelde.de\/wordpress\/wp-json\/wp\/v2\/users\/1"}],"replies":[{"embeddable":true,"href":"https:\/\/www.gutheiligenfelde.de\/wordpress\/wp-json\/wp\/v2\/comments?post=11"}],"version-history":[{"count":4,"href":"https:\/\/www.gutheiligenfelde.de\/wordpress\/wp-json\/wp\/v2\/pages\/11\/revisions"}],"predecessor-version":[{"id":113,"href":"https:\/\/www.gutheiligenfelde.de\/wordpress\/wp-json\/wp\/v2\/pages\/11\/revisions\/113"}],"wp:attachment":[{"href":"https:\/\/www.gutheiligenfelde.de\/wordpress\/wp-json\/wp\/v2\/media?parent=11"}],"curies":[{"name":"wp","href":"https:\/\/api.w.org\/{rel}","templated":true}]}}