{"id":65,"date":"2024-09-19T17:53:19","date_gmt":"2024-09-19T15:53:19","guid":{"rendered":"https:\/\/www.gutheiligenfelde.de\/wordpress\/?page_id=65"},"modified":"2024-09-19T17:55:02","modified_gmt":"2024-09-19T15:55:02","slug":"vereinsgeschichte","status":"publish","type":"page","link":"https:\/\/www.gutheiligenfelde.de\/wordpress\/verein\/vereinsgeschichte\/","title":{"rendered":"Vereinsgeschichte"},"content":{"rendered":"\n<p>\u201cDer Gesangverein wurde 1869 gegr\u00fcndet und in ihm entstand im Jahre 1949 wieder eine Theatergruppe. Hierbei standen zun\u00e4chst S\u00e4nger auch als Theaterspieler auf der B\u00fchne und brachten bis heute Theater und Gesang gemeinsam die inzwischen neun Unterhaltungsveranstaltungen j\u00e4hrlich zum Erfolg.<\/p>\n\n\n\n<p>Nun ein Blick zur\u00fcck:<br>Es begann in der Schule in Wisloh, und f\u00fcr viele S\u00e4nger waren das kilometerlange und vor allem miserable Wege. Es geh\u00f6rte also eine erhebliche Portion Idealismus dazu. Als wegen der gr\u00f6\u00dferen S\u00e4ngerzahl das Gasthaus Otersen in Heiligenfelde zum \u00dcbungs-lokal wurde, verbesserten sich die \u00e4u\u00dferen Umst\u00e4nde. Aus Zeitungsanzeigen entnehmen wir, dass der Verein schon im 19. Jahrhundert zu regelm\u00e4\u00dfigen B\u00e4llen einlud, aber das \u201eHighlight\u201d war im Jahre 1904, die mit der Fahne verbundene Feier des 35-j\u00e4hrigenBestehens. Die Fahne b\u00fc\u00dfte allerdings in \u00fcber 100 Jahren etwas von ihrer Sch\u00f6nheit ein. Kurzfristig gab es vor diesem Tag auch einen Damenchor. Vor dem 1. Weltkrieg geh\u00f6rte bei den \u201eGem\u00fctlichen Abenden\u201d des Gesang-vereins zum Programm, neben Soli und Quartetten, auch der Einakter oder ein Vortrag, den man heute als Sketch bezeichnen w\u00fcrde. \u00c4hnlich gestaltet waren die Unterhaltungsabende nach dem Kriege, als der Verein 1921 zun\u00e4chst als Gemischter Chor begann, der aber nur bis 1925 bestand, weil vermutlich ein Dirigent daf\u00fcr fehlte. Den Mitgliederlisten kann man entnehmen, dass jedoch 28 M\u00e4nner weiterhin gesungen haben. Anno 1929 beging der Verein sein 60-j\u00e4hriges Bestehen in Zelten bei der Gastst\u00e4tte Kreuzlage. Den Zeitungsberichten zufolge muss es ein gro\u00dfes Fest gewesen sein, beeintr\u00e4chtigt durch heftige Regenf\u00e4lle. Aus dem \u201eFest-Buch\u201d ist zu entnehmen, dass\u00a0 zu der Zeit auch z.B. in G\u00f6destorf, Emtinghausen, sowie sp\u00e4ter in Wachendorf, S\u00e4ngerch\u00f6re existierten.<\/p>\n\n\n\n<figure class=\"wp-block-image size-full is-resized\"><img loading=\"lazy\" decoding=\"async\" width=\"320\" height=\"176\" src=\"https:\/\/www.gutheiligenfelde.de\/wordpress\/wp-content\/uploads\/2024\/09\/gruppenfoto-alt.jpg\" alt=\"\" class=\"wp-image-66\" style=\"width:618px;height:auto\" srcset=\"https:\/\/www.gutheiligenfelde.de\/wordpress\/wp-content\/uploads\/2024\/09\/gruppenfoto-alt.jpg 320w, https:\/\/www.gutheiligenfelde.de\/wordpress\/wp-content\/uploads\/2024\/09\/gruppenfoto-alt-300x165.jpg 300w\" sizes=\"auto, (max-width: 320px) 100vw, 320px\" \/><figcaption class=\"wp-element-caption\">Gruppenfoto aus 1969.<\/figcaption><\/figure>\n\n\n\n<p>Einen besonderen Anfang gab es ab 1933, weil man sich bei den \u201eUnterhaltungs-abenden\u201d an Theaterst\u00fccke mit zwei oder mehr Akte traute. Aber nat\u00fcrlich geh\u00f6rtenzum Jahresprogramm des Gesangvereins auch Chorfeste in n\u00e4herer und weitererUmgebung, um den Leistungsstand des Chors vorzustellen und die Geselligkeit zuf\u00f6rdern. Au\u00dferdem wurden fast jedes Jahr Ausfl\u00fcge unternommen in den Harz, nach Hamburg oder zu anderen Zielen.<\/p>\n\n\n\n<p>In diesem Zusammenhang soll nicht fehlen ein Wort \u00fcber die Chorleiter. Waren es bis zum 2. Weltkrieg \u00fcberwiegend Lehrer, so fanden sich sp\u00e4ter auch Musiker als bef\u00e4higte Dirigenten. Der Heiligenfelder Chor verdankt ihnen viele \u201eGlanzlichter\u201c bei seinen Auftritten. Dies zeigte sich besonders nach der 1964 erfolgten Gr\u00fcndung des Frauenchors. Im Jubil\u00e4umsjahr 1969 standen \u00fcber 50 S\u00e4ngerinnen und S\u00e4nger auf der B\u00fchne. In den vergangenen 40 Jahren hat sich vieles ge\u00e4ndert, aber im Rahmen des Gesang-und Theatervereins spielt der \u201eGemischte Chor\u201c eine leistungsf\u00e4hige Rolle mit einembreit gef\u00e4cherten Programm.\u201d<\/p>\n\n\n\n<p><strong>Ernst August Goldmann<\/strong><br>(zum 60j\u00e4hrigen Jubil\u00e4um der Theatergruppe im Jahr 2009)<\/p>\n\n\n\n<figure class=\"wp-block-image aligncenter size-full\"><img loading=\"lazy\" decoding=\"async\" width=\"500\" height=\"106\" src=\"https:\/\/www.gutheiligenfelde.de\/wordpress\/wp-content\/uploads\/2024\/09\/ernst.jpg\" alt=\"\" class=\"wp-image-67\" srcset=\"https:\/\/www.gutheiligenfelde.de\/wordpress\/wp-content\/uploads\/2024\/09\/ernst.jpg 500w, https:\/\/www.gutheiligenfelde.de\/wordpress\/wp-content\/uploads\/2024\/09\/ernst-300x64.jpg 300w\" sizes=\"auto, (max-width: 500px) 100vw, 500px\" \/><\/figure>\n\n\n\n<p class=\"has-text-align-center has-accent-3-color has-text-color has-link-color has-medium-font-size wp-elements-398ec7dee0e2b372bd174add514e0152\"><strong>60 Jahre Theatergruppe des Gesang- und Theatervereins Heiligenfelde<\/strong><\/p>\n\n\n\n<p>Ein R\u00fcckblick der besonderen Art findet sich in diesem Auszug des Programmhefts aus dem Jahr 2009 wieder: <a href=\"https:\/\/www.gutheiligenfelde.de\/index_htm_files\/60_Jahre_Theatergruppe.pdf\" target=\"_blank\" rel=\"noreferrer noopener\">60_Jahre_Theatergruppe.pdf<\/a><\/p>\n\n\n\n<p>\u201cDie S\u00e4nger und S\u00e4ngerinnen von <strong><em>Living Voices<\/em><\/strong>\u00a0haben 2008 ihr 10-j\u00e4hrigesBestehen gefeiert.<\/p>\n\n\n\n<p>Angefangen hat alles 1998, als die damalige Chorleiterin des M\u00e4nnergesangverein mit Frauenabteilung den Wunsch \u00e4u\u00dferte \u201eIch m\u00f6chte neue S\u00e4nger, sonst hei\u00dfen wir bald Frauenchor mit M\u00e4nnerabteilung\u201c.<\/p>\n\n\n\n<p>Da machten sich einige Mitglieder Gedanken und gingen auf die Suche. Da neues Liedgut, wie Spirituals und Titel aus der Rockmusik angek\u00fcndigt wurden, kam man auf die Idee einen jungen Chor zu gr\u00fcnden.<\/p>\n\n\n\n<p>Es fanden sich recht schnell einige Interessierte und so konnte schon am 19. M\u00e4rz 1998der erste Probenabend mit 13 S\u00e4ngerinnen und S\u00e4ngern starten. Bis zum Jahresende kamen noch 14 weitere hinzu. 1999 hatte <strong><em>Living Voices<\/em><\/strong>\u00a0dann mit Heike Veldmann eine neue Chorleiterin bekommen und wir hoffen, dass sie uns noch lange erhalten bleibt.<\/p>\n\n\n\n<p>Das Repertoire wurde in den folgenden Jahren st\u00e4ndig erweitert, wobei die Geselligkeit nie zu kurz kam.\u201d<\/p>\n\n\n\n<p><strong>Heike Veldmann, Chorleiterin<\/strong><br>(zum 60j\u00e4hrigen Jubil\u00e4um der Theatergruppe im Jahr 2009)<\/p>\n\n\n\n<p><\/p>\n\n\n\n<div class=\"wp-block-columns is-layout-flex wp-container-core-columns-is-layout-9c22b1e3 wp-block-columns-is-layout-flex\">\n<div class=\"wp-block-column is-layout-flow wp-block-column-is-layout-flow\">\n<figure class=\"wp-block-image size-full\"><img loading=\"lazy\" decoding=\"async\" width=\"348\" height=\"217\" src=\"https:\/\/www.gutheiligenfelde.de\/wordpress\/wp-content\/uploads\/2024\/09\/LVLogoGross.jpg\" alt=\"\" class=\"wp-image-68\" srcset=\"https:\/\/www.gutheiligenfelde.de\/wordpress\/wp-content\/uploads\/2024\/09\/LVLogoGross.jpg 348w, https:\/\/www.gutheiligenfelde.de\/wordpress\/wp-content\/uploads\/2024\/09\/LVLogoGross-300x187.jpg 300w\" sizes=\"auto, (max-width: 348px) 100vw, 348px\" \/><\/figure>\n<\/div>\n\n\n\n<div class=\"wp-block-column is-layout-flow wp-block-column-is-layout-flow\">\n<figure class=\"wp-block-image size-full is-resized\"><img loading=\"lazy\" decoding=\"async\" width=\"366\" height=\"198\" src=\"https:\/\/www.gutheiligenfelde.de\/wordpress\/wp-content\/uploads\/2024\/09\/LVGruppeAlt.jpg\" alt=\"\" class=\"wp-image-69\" style=\"width:329px;height:auto\" srcset=\"https:\/\/www.gutheiligenfelde.de\/wordpress\/wp-content\/uploads\/2024\/09\/LVGruppeAlt.jpg 366w, https:\/\/www.gutheiligenfelde.de\/wordpress\/wp-content\/uploads\/2024\/09\/LVGruppeAlt-300x162.jpg 300w\" sizes=\"auto, (max-width: 366px) 100vw, 366px\" \/><\/figure>\n<\/div>\n<\/div>\n\n\n\n<p><\/p>\n","protected":false},"excerpt":{"rendered":"<p>\u201cDer Gesangverein wurde 1869 gegr\u00fcndet und in ihm entstand im Jahre 1949 wieder eine Theatergruppe. Hierbei standen zun\u00e4chst S\u00e4nger auch als Theaterspieler auf der B\u00fchne und brachten bis heute Theater und Gesang gemeinsam die inzwischen neun Unterhaltungsveranstaltungen j\u00e4hrlich zum Erfolg. Nun ein Blick zur\u00fcck:Es begann in der Schule in Wisloh, und f\u00fcr viele S\u00e4nger waren [&hellip;]<\/p>\n","protected":false},"author":1,"featured_media":0,"parent":58,"menu_order":0,"comment_status":"closed","ping_status":"closed","template":"","meta":{"footnotes":""},"class_list":["post-65","page","type-page","status-publish","hentry"],"_links":{"self":[{"href":"https:\/\/www.gutheiligenfelde.de\/wordpress\/wp-json\/wp\/v2\/pages\/65","targetHints":{"allow":["GET"]}}],"collection":[{"href":"https:\/\/www.gutheiligenfelde.de\/wordpress\/wp-json\/wp\/v2\/pages"}],"about":[{"href":"https:\/\/www.gutheiligenfelde.de\/wordpress\/wp-json\/wp\/v2\/types\/page"}],"author":[{"embeddable":true,"href":"https:\/\/www.gutheiligenfelde.de\/wordpress\/wp-json\/wp\/v2\/users\/1"}],"replies":[{"embeddable":true,"href":"https:\/\/www.gutheiligenfelde.de\/wordpress\/wp-json\/wp\/v2\/comments?post=65"}],"version-history":[{"count":3,"href":"https:\/\/www.gutheiligenfelde.de\/wordpress\/wp-json\/wp\/v2\/pages\/65\/revisions"}],"predecessor-version":[{"id":72,"href":"https:\/\/www.gutheiligenfelde.de\/wordpress\/wp-json\/wp\/v2\/pages\/65\/revisions\/72"}],"up":[{"embeddable":true,"href":"https:\/\/www.gutheiligenfelde.de\/wordpress\/wp-json\/wp\/v2\/pages\/58"}],"wp:attachment":[{"href":"https:\/\/www.gutheiligenfelde.de\/wordpress\/wp-json\/wp\/v2\/media?parent=65"}],"curies":[{"name":"wp","href":"https:\/\/api.w.org\/{rel}","templated":true}]}}